nds digit of 5372?
5
What is the thousands digit of 2486?
2
What is the hundreds digit of 5309?
3
What is the units digit of 647?
7
What is the tens digit of 13177?
7
What is the tens digit of 1937?
3
What is the units digit of 2816?
6
What is the units digit of 40113?
3
What is the hundreds digit of 54907?
9
What is the units digit of 20082?
2
What is the hundreds digit of 660?
6
What is the hundreds digit of 1133?
1
What is the tens digit of 9603?
0
What is the thousands digit of 6013?
6
What is the thousands digit of 30656?
0
What is the thousands digit of 18689?
8
What is the units digit of 85211?
1
What is the hundreds digit of 366?
3
What is the tens digit of 675?
7
What is the hundreds digit of 85287?
2
What is the units digit of 61908?
8
What is the hundreds digit of 4979?
9
What is the hundreds digit of 892?
8
What is the thousands digit of 64602?
4
What is the units digit of 3193?
3
What is the ten thousands digit of 18143?
1
What is the units digit of 1925?
5
What is the thousands digit of 5115?
5
What is the hundreds digit of 1206?
2
What is the ten thousands digit of 25430?
2
What is the units digit of 5879?
9
What is the hundreds digit of 466?
4
What is the hundred thousands digit of 102936?
1
What is the units digit of 193?
3
What is the thousands digit of 2059?
2
What is the hundreds digit of 10986?
9
What is the ten thousands digit of 18724?
1
What is the tens digit of 31067?
6
What is the units digit of 4930?
0
What is the tens digit of 3159?
5
What is the units digit of 87813?
3
What is the units digit of 6240?
0
What is the hundreds digit of 3718?
7
What is the tens digit of 3883?
8
What is the units digit of 113185?
5
What is the thousands digit of 2899?
2
What is the hundreds digit of 231?
2
What is the thousands digit of 6375?
6
What is the tens digit of 11?
1
What is the units digit of 55?
5
What is the hundreds digit of 205706?
7
What is the ten thousands digit of 42839?
4
What is the units digit of 430?
0
What is the ten thousands digit of 11178?
1
What is the hundred thousands digit of 154182?
1
What is the hundreds digit of 98268?
2
What is the thousands digit of 5295?
5
What is the hundreds digit of 116?
1
What is the thousands digit of 2652?
2
What is the thousands digit of 3822?
3
What is the tens digit of 97955?
5
What is the ten thousands digit of 176616?
7
What is the tens digit of 1296?
9
What is the tens digit of 16196?
9
What is the tens digit of 552?
5
What is the hundreds digit of 15450?
4
What is the tens digit of 14377?
7
What is the units digit of 63711?
1
What is the units digit of 2189?
9
What is the ten thousands digit of 54072?
5
What is the hundreds digit of 10029?
0
What is the thousands digit of 20621?
0
What is the tens digit of 375?
7
What is the tens digit of 79423?
2
What is the hundred thousands digit of 156864?
1
What is the units digit of 385?
5
What is the tens digit of 303?
0
What is the tens digit of 1734?
3
What is the units digit of 4070?
0
What is the units digit of 119944?
4
What is the hundreds digit of 7587?
5
What is the hundreds digit of 2683?
6
What is the units digit of 1614?
4
What is the thousands digit of 2262?
2
What is the hundreds digit of 158352?
3
What is the tens digit of 20925?
2
What is the tens digit of 34286?
8
What is the hundreds digit of 10809?
8
What is the thousands digit of 35483?
5
What is the tens digit of 9786?
8
What is the units digit of 1893?
3
What is the hundreds digit of 471?
4
What is the thousands digit of 9275?
9
What is the thousands digit of 1698?
1
What is the hundreds digit of 3553?
5
What is the units digit of 18557?
7
What is the tens digit of 1119?
1
What is the tens digit of 2871?
7
What is the thousands digit of 83491?
3
What is the tens digit of 286?
8
What is the hundreds digit of 2073?
0
What is the thousands digit of 2676?
2
What is the thousands digit of 26239?
6
What is the hundreds digit of 976?
9
What is the tens digit of 1033?
3
What is the thousands digit of 76955?
6
What is the units digit of 2440?
0
What is the thousands digit of 33211?
3
What is the hundreds digit of 1706?
7
What is the ten thousands digit of 30106?
3
What is the hundreds digit of 6719?
7
What is the units digit of 6902?
2
What is the hundreds digit of 586?
5
What is the units digit of 13067?
7
What is the hundreds digit of 733?
7
What is the thousands digit of 14848?
4
What is the units digit of 90380?
0
What is the thousands digit of 4131?
4
What is the tens digit of 30958?
5
What is the tens digit of 95561?
6
What is the tens digit of 59869?
6
What is the units digit of 51445?
5
What is the units digit of 742?
2
What is the tens digit of 10146?
4
What is the ten thousands digit of 13759?
1
What is the tens digit of 112185?
8
What is the units digit of 2714?
4
What is the hundreds digit of 1216?
2
What is the hundreds digit of 40810?
8
What is the hundreds digit of 46594?
5
What is the units digit of 1975?
5
What is the units digit of 33991?
1
What is the hundreds digit of 60573?
5
What is the tens digit of 4001?
0
What is the thousands digit of 1433?
1
What is the tens digit of 11586?
8
What is the tens digit of 20580?
8
What is the tens digit of 29774?
7
What is the units digit of 10878?
8
What is the units digit of 7621?
1
What is the ten thousands digit of 37744?
3
What is the units digit of 25588?
8
What is the tens digit of 596?
9
What is the tens digit of 1784?
8
What is the thousands digit of 1156?
1
What is the ten thousands digit of 76239?
7
What is the tens digit of 16289?
8
What is the hundreds digit of 15734?
7
What is the hundreds digit of 992?
9
What is the tens digit of 129791?
9
What is the units digit of 1889?
9
What is the tens digit of 29433?
3
What is the thousands digit of 6589?
6
What is the tens digit of 2352?
5
What is the thousands digit of 10705?
0
What is the tens digit of 7127?
2
What is the tens digit of 37?
3
What is the units digit of 110865?
5
What is the hundreds digit of 23601?
6
What is the ten thousands digit of 43777?
4
What is the units digit of 1420?
0
What is the units digit of 459?
9
What is the ten thousands digit of 12134?
1
What is the hundreds digit of 24152?
1
What is the units digit of 973?
3
What is the tens digit of 20819?
1
What is the ten thousands digit of 16783?
1
What is the thousands digit of 7281?
7
What is the hundreds digit of 8576?
5
What is the units digit of 1070?
0
What is the thousands digit of 13054?
3
What is the units digit of 103167?
7
What is the thousands digit of 1384?
1
What is the ten thousands digit of 18444?
1
What is the ten thousands digit of 22881?
2
What is the tens digit of 438?
3
What is the hundreds digit of 55168?
1
What is the units digit of 1382?
2
What is the units digit of 23975?
5
What is the tens digit of 678?
7
What is the hundreds digit of 149?
1
What is the hundreds digit of 2737?
7
What is the hundreds digit of 2227?
2
What is the tens digit of 37865?
6
What is the thousands digit of 5198?
5
What is the units digit of 2242?
2
What is the units digit of 6?
6
What is the hundreds digit of 4279?
2
What is the units digit of 119?
9
What is the ten thousands digit of 58163?
5
What is the units digit of 891?
1
What is the tens digit of 13787?
8
What is the tens digit of 2318?
1
What is the units digit of 1410?
0
What is the tens digit of 1922?
2
What is the thousands digit of 2401?
2
What is the hundred thousands digit of 118309?
1
What is the hundreds digit of 26618?
6
What is the tens digit of 61079?
7
What is the thousands digit of 113473?
3
What is the thousands digit of 159597?
9
What is the units digit of 165763?
3
What is the units digit of 133037?
7
What is the tens digit of 40694?
9
What is the tens digit of 609?
0
What is the tens digit of 13897?
9
What is the thousands digit of 66127?
6
What is the units digit of 909?
9
What is the units digit of 11230?
0
What is the units digit of 1226?
6
What is the hundreds digit of 2064?
0
What is the hundreds digit of 6785?
7
What is the hundred thousands digit of 125276?
1
What is the tens digit of 60465?
6
What is the units digit of 35668?
8
What is the units digit of 1132?
2
What is the hundreds digit of 74254?
2
What is the thousands digit of 62208?
2
What is the tens digit of 775?
7
What is the tens digit of 39